?
1
Suppose -5*n - 60 + 15 = 3*p, 0 = p. Let v(g) = -5*g - 16. What is the tens digit of v(n)?
2
Let o(f) = -50*f + 35. What is the hundreds digit of o(-5)?
2
Let i(d) = 24*d + 118. What is the hundreds digit of i(8)?
3
Let p(j) = -4*j + 47. Let o(m) = 2*m - 23. Let y(f) = 11*o(f) + 6*p(f). What is the units digit of y(13)?
3
Let q = 35 - -31. Let g be (q/(-5))/((-9)/30). Let o = g - 27. What is the units digit of o?
7
Let s(l) = 7*l**2 + 9*l - 22. Let i(b) = -10*b**2 - 14*b + 33. Let g(p) = 5*i(p) + 7*s(p). Let x be g(-8). Suppose x*o - 60 = 2*o. What is the units digit of o?
0
Let g(m) = -39*m**3 - 5*m**2 - 8*m - 11. What is the units digit of g(-3)?
1
Suppose q - 5 = 6*q. Let y(r) = -r**2 + r. Let a be y(-2). Let x = q - a. What is the units digit of x?
5
Let a = -606 - -1044. What is the hundreds digit of a?
4
Let u be (-3 - 166/10)/((-3)/15). Suppose 3*f - u = 121. What is the units digit of f?
3
Suppose 229*m + 30510 = 247*m. What is the tens digit of m?
9
Let y(v) = -4*v - 2. Let i(n) = n**3 + 7*n**2 + 2 + 0*n**2 - n**2 - 6*n. Let r be i(-7). What is the units digit of y(r)?
8
What is the tens digit of -7 + 233*(4 - (-5 - 9))?
8
Let g = 34 + -31. Suppose g*y + 8 = -4. Let h(a) = -a + 6. What is the tens digit of h(y)?
1
Suppose 27*d - 4*d - 2691 = 0. What is the tens digit of d?
1
Let i = -6 - -8. Let m be (0 + 1)/(i/24). Suppose -2 - m = -c. What is the units digit of c?
4
Let m = -201 - -281. What is the tens digit of m?
8
Suppose 2*r = -6*r + 336. What is the tens digit of (-4)/6 - (-2590)/r?
6
Suppose 0 = -3*s + s + 8. Suppose 2*m + 6 = s*m. Suppose -120 = -m*b - 3*d, 2*d + 67 + 73 = 3*b. What is the units digit of b?
4
Let w be 108/(-45)*(-10)/(-3). What is the units digit of (-26)/w + (-15)/(-20)?
4
Suppose -2*u - 3*m = -2779, 0 = 5*m - 15. What is the hundreds digit of u?
3
Let u be (-13)/(-78) - 71/(-6). Suppose u = -2*r + 2. What is the tens digit of r*(2 + -1 - 6)?
2
Let m be ((-20)/12 + 2)*0. Suppose m = 3*r - 7*v + 4*v - 45, -5*r + 71 = -3*v. Let j = -6 + r. What is the units digit of j?
7
Let h be 2/(-12) - 1195/(-6). Suppose 5*p = -5*b + 895, -b - 6*p + h = -p. What is the hundreds digit of b?
1
Let b = 28 - 27. Let m be 14/6*(2 + b). Suppose 0 = n + 5*s - m, -4*n - n = 3*s - 57. What is the tens digit of n?
1
What is the tens digit of -1 - (-8)/((-40)/(-15))*367?
0
Suppose 17 + 1 = -2*c. What is the tens digit of (-619)/c - 2/(-9)?
6
Let t be (-1 - 3)*4/8*-101. Suppose 6*u - 8*u = -t. What is the tens digit of u?
0
Suppose 5*m + 0 - 37 = -4*r, -2*r + 16 = 2*m. Suppose r*g = 5*u + 8*g - 510, -g = -u + 96. What is the units digit of u?
9
Suppose 0*o - 5*o = -870. What is the units digit of o?
4
Suppose 2*u = 4*f + 920, 909 = 2*u - 2*f - 5. What is the units digit of u?
4
Suppose -7*d + 24 + 60 = 0. Suppose 51 + d = l. What is the tens digit of l?
6
What is the thousands digit of (-1 + -1)/(158763/6903 - 23)?
2
Suppose -3*l + 5*k = 231, -5*k = 3*l - l + 129. Let p = l + 125. What is the tens digit of p?
5
Let g = 48 - 43. Let u(p) = 2*p**3 - 9*p**2 + 21*p - 4. What is the units digit of u(g)?
6
Let v = 67 + -61. Suppose v*s - 820 = 2*s. What is the units digit of s?
5
Let s(j) = 189*j + 45. What is the tens digit of s(4)?
0
What is the hundreds digit of (-7 - -10)/9 - (-2794)/6?
4
Suppose 2*r + 324 = 5*r. Let k(d) = 2*d + 17. Let b be k(-6). Suppose s = b*s - r. What is the tens digit of s?
2
What is the tens digit of 330*((-15)/18)/((-1)/3)?
2
Suppose 2*w - 15 = -3*w + 2*m, w - 3*m + 10 = 0. Suppose 4*p + 3*z - 158 = 0, 3*p - 116 = -w*z - 3. What is the units digit of p?
1
Let u(l) = 14*l**2 - 4*l - 7. Let b be u(-3). Suppose 0 = -9*v + 7*v + 4. Suppose -b - 25 = -v*i. What is the tens digit of i?
7
Let q(u) = u**2 + 8*u + 2. Let n be q(-8). Suppose 19 = -0*r + 5*r - 2*z, 4*r + n*z - 26 = 0. What is the units digit of r?
5
Suppose -5*g = -4*l + l + 89, 3*g = -5*l + 137. Let z = 84 + l. What is the units digit of z?
2
Suppose -11*f + 21394 = 1550. What is the thousands digit of f?
1
What is the thousands digit of ((-20868)/18)/(40/24 - 2)?
3
Suppose 0 = -5*y + 35 + 45. Suppose z + y = 3*z. What is the units digit of z?
8
Suppose -6*f + 2*f + 724 = 0. Let k = f + -91. Suppose 4*x + x = k. What is the tens digit of x?
1
Let i be (12/(-9))/((-10)/15). Suppose s - 15 + 11 = 0. Suppose 0 = -i*o + 10 + s. What is the units digit of o?
7
Suppose -6*c - 670 = -c. Suppose -4*y - 5*j + 831 = 0, 0 = 4*y - 3*j - 316 - 491. Let s = y + c. What is the tens digit of s?
7
Suppose 6*k = 4870 + 1454. What is the tens digit of k?
5
Let y(z) be the second derivative of -z + 0 + 1/2*z**4 + 1/20*z**5 + 2/3*z**3 + 5/2*z**2. What is the units digit of y(-4)?
1
Let b(r) = -2*r - 17. Let q be b(-6). Let c(n) = -2*n**3 - 8*n**2 - 4*n + 2. What is the tens digit of c(q)?
7
Let q(w) = -3*w + 90. Let j be q(29). Suppose -5*u = 5*d - 425, -216 = -j*u + 4*d + 46. What is the tens digit of u?
8
What is the tens digit of 467 - -1 - (-4)/4*-4?
6
Let c be 3/1*8/6. Suppose -2*l = -0*l - s - 34, -l + c*s + 31 = 0. What is the units digit of l?
5
Let c(f) = -f**2 - 9*f + 19. Let b be c(-12). Let t = 40 + b. What is the units digit of t?
3
Suppose -5*h = -6*o + 2*o + 18, h + 5 = o. Suppose -2*u - 25 = -o*u. Suppose 99 + 56 = u*y. What is the tens digit of y?
3
Suppose -12*z - 30 = -66. What is the units digit of z?
3
What is the tens digit of (4/(-16))/(11/(-3124))?
7
Suppose 2*w - r - 3083 = 0, -20*r + 14*r - 6178 = -4*w. What is the hundreds digit of w?
5
Let q be (-81)/(-6) + (-2 - 10/(-4)). Suppose 106 = q*s - 12*s. What is the tens digit of s?
5
Suppose -3*t = -5*o - 1 + 2, 4*o - 3*t + 1 = 0. Suppose 0 = 2*l - 5*a - 18 - 213, o*l - 251 = a. What is the units digit of l?
8
Suppose -17*q + 16509 = -22234. What is the tens digit of q?
7
Let w(i) = -i**2 + 1. Let b(g) = -7*g**2 - 10*g + 3. Let v(n) = -b(n) + 5*w(n). What is the units digit of v(-5)?
2
Suppose 1 = 2*x - 3. Let z(y) = -10 + 3*y**x + 18 - 5 - 2*y. What is the units digit of z(-4)?
9
Suppose 5*m = 2*m - 129. Let i = m - -59. What is the tens digit of i?
1
Let z = 11 + -5. Let y(p) = -p - 2. Let g be y(-2). Suppose 5*s - 25 = g, -5*b - s + 26 = z. What is the units digit of b?
3
Let l(j) = 4*j**2 - 12*j - 16. What is the units digit of l(-8)?
6
Let p(s) be the second derivative of 11*s**5/120 - s**4/12 + s**3/6 + 2*s. Let l(j) be the second derivative of p(j). What is the tens digit of l(2)?
2
Let c(k) = 4*k**2 + 4*k - 4. Let m be c(2). Suppose u - m = 63. What is the tens digit of u?
8
Let a(i) = i + 14. Let w = 4 + -15. Let u be a(w). Suppose -95 = -u*f + 70. What is the tens digit of f?
5
Let q(t) = -4*t - 4. Let k = -3 + 8. Suppose -b = -k*b - 16. What is the tens digit of q(b)?
1
Suppose 4*b = -5*u + 3802, -3*b - 2*u - 40 = -2895. What is the hundreds digit of b?
9
Let t(j) = j**2 + 5*j - 31. Let x be t(-8). What is the hundreds digit of 137 + (-4 - x) + -3?
1
Suppose -5*q + 3*p + 24 = 0, -4*q + 2*p = q - 21. What is the units digit of (-1)/(-2)*234/q?
9
What is the units digit of 21416/20 + (-4 - 126/(-30))?
1
Suppose 4*y - 55 = -j - 15, -3*y + 30 = -5*j. What is the tens digit of 1072/y + (-20)/(-25)?
0
Let m(n) = -123*n - 23. What is the hundreds digit of m(-3)?
3
What is the units digit of ((-24)/4)/((-3)/154)?
8
Suppose 5*p + f = 19, 0 = -p + 4*f + f + 9. What is the units digit of p*(-4)/8 - -65?
3
Suppose -52 = 6*m - 2*m. Let i = -12 - m. Let b = i - -21. What is the units digit of b?
2
Let o be 49/(-4) + 2/8. Let q(v) = -v - 9. What is the units digit of q(o)?
3
Suppose 4*v = 4*k + 40, -6*k + 5 = 3*v - 4*k. Suppose -180 = 2*t + 3*q + q, -v*t - 450 = 3*q. What is the units digit of (-20)/t - (-392)/18?
2
Suppose 692 = -13*h + 783. Suppose -s - 93 = -4*s. Let w = s + h. What is the units digit of w?
8
Let k = -2141 + 3512. What is the tens digit of k?
7
What is the thousands digit of 3*8408/20 - (-8)/10?
1
Let a(v) = 21*v + 10. Suppose 0 = -3*g + 21 - 12. What is the tens digit of a(g)?
7
Let z(p) = 4*p**2 + 7*p + 2. Let l(b) = 5*b**2 + 6*b + 3. Let u(t) = 3*l(t) - 4*z(t). Let o be u(-10). What is the units digit of 27/o + -9 + 9?
7
Let y = 515 + -217. Suppose 6*v - 5*v = y. What is the units digit of v?
8
What is the units digit of (1 - 1) + -2*71*-3?
6
Suppose 2*h = 3*h - 1161. Suppo